{"id":1542,"date":"2019-10-29T11:11:46","date_gmt":"2019-10-29T14:11:46","guid":{"rendered":"http:\/\/www.omniescoladeaviacao.com.br\/?page_id=1542"},"modified":"2024-07-23T14:40:12","modified_gmt":"2024-07-23T17:40:12","slug":"piloto-privado-pph","status":"publish","type":"page","link":"https:\/\/www.omniescoladeaviacao.com.br\/index.php\/piloto-privado-pph\/","title":{"rendered":"Piloto Privado PP-H"},"content":{"rendered":"<p>[vc_row][vc_column width=&#8221;1\/2&#8243;][vc_column_text]<\/p>\n\n\n<\/p>\n<p>O curso de Piloto Privado \u00e9 primeiro passo da carreira de piloto de helic\u00f3ptero e pr\u00e9-requisito para as demais carteiras. O curso te\u00f3rico visa fornecer subs\u00eddios necess\u00e1rios aos futuros pilotos privados de helic\u00f3ptero para executar a pilotagem com seguran\u00e7a e efici\u00eancia. O objetivo da pr\u00e1tica de voo \u00e9 desenvolver no piloto aluno a profici\u00eancia necess\u00e1ria para operar helic\u00f3pteros com seguran\u00e7a, dentro dos limites estabelecidos pelas prerrogativas da licen\u00e7a de Piloto Privado de Helic\u00f3ptero.<\/p>\n<hr \/>\n<h3>Pr\u00e9-requisitos<\/h3>\n<p>&#8211; 18 anos;<br \/>&#8211; 2\u00ba grau completo.<\/p>\n<hr \/>\n<h3>Documentos para matr\u00edcula<\/h3>\n<p>&#8211; Ficha de Matr\u00edcula;<br \/>&#8211; Certificado M\u00e9dico Aeron\u00e1utico (CMA);<br \/>&#8211; C\u00f3digo ANAC;<br \/>&#8211; Original e C\u00f3pia do RG e CPF;<br \/>&#8211; Original e C\u00f3pia do T\u00edtulo Eleitoral;<br \/>&#8211; Original e C\u00f3pia do Certificado de Escolaridade;<br \/>&#8211; Uma foto \u00be;<br \/>&#8211; Autoriza\u00e7\u00e3o do respons\u00e1vel para menores de 21 anos quando n\u00e3o for emancipado.<\/p>\n<hr \/>\n<h3>Mat\u00e9rias do curso te\u00f3rico<\/h3>\n<p>&#8211; O Piloto Privado \u2013 Helic\u00f3ptero: Prepara\u00e7\u00e3o e Atividade;<br \/>&#8211; Seguran\u00e7a de Voo;<br \/>&#8211; Conhecimentos T\u00e9cnicos das Aeronaves;<br \/>&#8211; Meteorologia;<br \/>&#8211; Teoria de Voo \u2013 Aerodin\u00e2mica de Helic\u00f3ptero;<br \/>&#8211; Regulamentos de Tr\u00e1fego A\u00e9reo;<br \/>&#8211; Navega\u00e7\u00e3o a\u00e9rea;<br \/>&#8211; Avia\u00e7\u00e3o Civil;<br \/>&#8211; Regulamenta\u00e7\u00e3o da Avia\u00e7\u00e3o Civil;<br \/>&#8211; Instru\u00e7\u00e3o Aerom\u00e9dica;<br \/>&#8211; CRM (Corporate\u00a0 Resource Management).<\/p>\n<hr \/>\n<h3>Carga hor\u00e1ria do curso te\u00f3rico<\/h3>\n<p>&#8211; 268 Horas.<\/p>\n<hr \/>\n<h3>Dura\u00e7\u00e3o do curso<\/h3>\n<p>&#8211; 5 meses<\/p>\n<h3>Carga hor\u00e1ria m\u00ednima do curso pr\u00e1tico<\/h3>\n<p>&#8211; 35 horas de treinamento de voo visual;<br \/>&#8211; 1.5 hora de voo de avalia\u00e7\u00e3o.<\/p>\n<p><strong>Obs:\u00a0<\/strong>O piloto aluno poder\u00e1 voar at\u00e9 as suas primeiras 15 horas sem o exame de capacidade te\u00f3rica da ANAC, ap\u00f3s essas horas voadas o piloto aluno apenas poder\u00e1 prosseguir com o curso pr\u00e1tico com a apresenta\u00e7\u00e3o da aprova\u00e7\u00e3o no exame de capacidade te\u00f3rica da ANAC.<\/p>\n<p>\n\n\n<p><\/p>\n<p>[\/vc_column_text][\/vc_column][vc_column width=&#8221;1\/2&#8243; css=&#8221;.vc_custom_1572357558108{background-color: #ededed !important;}&#8221;]<div role=\"form\" class=\"wpcf7\" id=\"wpcf7-f1582-o1\" lang=\"en-US\" dir=\"ltr\">\n<div class=\"screen-reader-response\"><\/div>\n<form action=\"\/index.php\/wp-json\/wp\/v2\/pages\/1542#wpcf7-f1582-o1\" method=\"post\" class=\"wpcf7-form\" novalidate=\"novalidate\">\n<div style=\"display: none;\">\n<input type=\"hidden\" name=\"_wpcf7\" value=\"1582\" \/>\n<input type=\"hidden\" name=\"_wpcf7_version\" value=\"5.1.7\" \/>\n<input type=\"hidden\" name=\"_wpcf7_locale\" value=\"en_US\" \/>\n<input type=\"hidden\" name=\"_wpcf7_unit_tag\" value=\"wpcf7-f1582-o1\" \/>\n<input type=\"hidden\" name=\"_wpcf7_container_post\" value=\"0\" \/>\n<\/div>\n<h2 class=\"short\"><strong>Mais<\/strong> Informa\u00e7\u00f5es<\/h2>\n<div class=\"row\">\n<div class=\"col-md-6\">\n<div class=\"form-group\">\n            <label for=\"contact-name\">Nome *<\/label><br \/>\n            <span class=\"wpcf7-form-control-wrap your-name\"><input type=\"text\" name=\"your-name\" value=\"\" size=\"40\" class=\"wpcf7-form-control wpcf7-text wpcf7-validates-as-required form-control\" id=\"contact-name\" aria-required=\"true\" aria-invalid=\"false\" \/><\/span>\n        <\/div><\/div>\n<div class=\"col-md-6\">\n<div class=\"form-group\">\n            <label for=\"contact-email\">E-mail *<\/label><br \/>\n            <span class=\"wpcf7-form-control-wrap your-email\"><input type=\"email\" name=\"your-email\" value=\"\" size=\"40\" class=\"wpcf7-form-control wpcf7-text wpcf7-email wpcf7-validates-as-required wpcf7-validates-as-email form-control\" id=\"contact-email\" aria-required=\"true\" aria-invalid=\"false\" \/><\/span>\n        <\/div><\/div>\n<div class=\"col-md-12\">\n<div class=\"form-group\">\n            <label for=\"contact-subject\">Curso<\/label><br \/>\n            <span class=\"wpcf7-form-control-wrap your-subject\"><input type=\"text\" name=\"your-subject\" value=\"\" size=\"40\" class=\"wpcf7-form-control wpcf7-text form-control\" id=\"contact-subject\" aria-invalid=\"false\" \/><\/span>\n        <\/div><\/div>\n<div class=\"col-md-12\">\n<div class=\"form-group\">\n            <label for=\"contact-message\">O que deseja saber?<\/label><br \/>\n            <span class=\"wpcf7-form-control-wrap your-message\"><textarea name=\"your-message\" cols=\"40\" rows=\"10\" class=\"wpcf7-form-control wpcf7-textarea form-control\" id=\"contact-message\" aria-invalid=\"false\"><\/textarea><\/span>\n        <\/div><\/div>\n<div class=\"col-md-12\">\n<div class=\"form-group\">\n            <input type=\"submit\" value=\"Enviar\" class=\"wpcf7-form-control wpcf7-submit btn btn-primary btn-lg\" \/>\n        <\/div><\/div>\n<\/div>\n<input type='hidden' class='wpcf7-pum' value='{\"closepopup\":false,\"closedelay\":0,\"openpopup\":false,\"openpopup_id\":0}' \/><div class=\"wpcf7-response-output wpcf7-display-none\"><\/div><\/form><\/div>[vc_column_text]<\/p>\n<div class=\"porto-separator  \">\n<\/div>\n<h4 class=\"vc_custom_heading heading-primary\"><strong>Localiza\u00e7\u00e3o \/ Contato<br><\/strong><span style=\"color: #333333; font-size: 14px;\"><strong>Endere\u00e7o:<\/strong> Av. Ayrton Senna N\u00ba 2541 &#8211; Rua F1, Lote 44<\/span><br><span style=\"color: #333333; font-size: 14px;\"><strong>Telefones:<\/strong> 55 21 3478-7942 | 55 21 3478-7943<\/span><br><span style=\"color: #333333; font-size: 14px;\"><strong>E-mail:&nbsp;<\/strong>escola@omniescola.com.br<\/span><\/h4>\n<div class=\"porto-separator  \">\n<hr class=\"separator-line  align_center\"><\/div>\n<h4 class=\"vc_custom_heading heading-primary\"><strong>Hor\u00e1rio comercial<br><\/strong><span style=\"color: #333333; font-size: 14px;\">Segunda-feira &#8211; Sexta-feira das 8h \u00e0s 22h<\/span><br><span style=\"color: #333333; font-size: 14px;\">S\u00e1bado &#8211; <\/span><span style=\"color: #333333; font-size: 14px;\">8h \u00e0s 12h<br><\/span><span style=\"color: #333333; font-size: 14px;\">Domingo &#8211; Fechado<\/span><\/h4>\n<p>[\/vc_column_text][\/vc_column][\/vc_row]<\/p>","protected":false},"excerpt":{"rendered":"<p>[vc_row][vc_column width=&#8221;1\/2&#8243;][vc_column_text] O curso de Piloto Privado \u00e9 primeiro passo da carreira de piloto de helic\u00f3ptero e pr\u00e9-requisito para as demais carteiras. O curso te\u00f3rico visa fornecer subs\u00eddios necess\u00e1rios aos futuros pilotos privados de helic\u00f3ptero para executar a pilotagem com seguran\u00e7a e efici\u00eancia. O objetivo da pr\u00e1tica de voo \u00e9 desenvolver no piloto aluno a [&hellip;]<\/p>\n","protected":false},"author":1,"featured_media":0,"parent":0,"menu_order":0,"comment_status":"closed","ping_status":"closed","template":"","meta":{"_joinchat":[],"footnotes":""},"_links":{"self":[{"href":"https:\/\/www.omniescoladeaviacao.com.br\/index.php\/wp-json\/wp\/v2\/pages\/1542"}],"collection":[{"href":"https:\/\/www.omniescoladeaviacao.com.br\/index.php\/wp-json\/wp\/v2\/pages"}],"about":[{"href":"https:\/\/www.omniescoladeaviacao.com.br\/index.php\/wp-json\/wp\/v2\/types\/page"}],"author":[{"embeddable":true,"href":"https:\/\/www.omniescoladeaviacao.com.br\/index.php\/wp-json\/wp\/v2\/users\/1"}],"replies":[{"embeddable":true,"href":"https:\/\/www.omniescoladeaviacao.com.br\/index.php\/wp-json\/wp\/v2\/comments?post=1542"}],"version-history":[{"count":10,"href":"https:\/\/www.omniescoladeaviacao.com.br\/index.php\/wp-json\/wp\/v2\/pages\/1542\/revisions"}],"predecessor-version":[{"id":1906,"href":"https:\/\/www.omniescoladeaviacao.com.br\/index.php\/wp-json\/wp\/v2\/pages\/1542\/revisions\/1906"}],"wp:attachment":[{"href":"https:\/\/www.omniescoladeaviacao.com.br\/index.php\/wp-json\/wp\/v2\/media?parent=1542"}],"curies":[{"name":"wp","href":"https:\/\/api.w.org\/{rel}","templated":true}]}}